*(v + 2)?
5
Suppose -4*u - 5*v = -100, 4*u - 41 = 5*v + 99. What are the prime factors of u?
2, 3, 5
Suppose 7*u - 5*z + 263 = 9*u, 4*z - 139 = -u. What are the prime factors of u?
7, 17
Let c be (-2 + 0)/((-2)/3). Let j be (c + -2)*(3 + 1). Let d(k) = k**2 - 3*k + 4. What are the prime factors of d(j)?
2
Let p(b) be the second derivative of b**3/6 + 10*b**2 + 3*b. List the prime factors of p(-13).
7
What are the prime factors of (-493)/(-9) + 14/63?
5, 11
Suppose -2*m + 4*p = 3*m + 12, -6 = -3*m - 2*p. Let b be 156/42 + 4/14. Suppose -a + m*a = -b. What are the prime factors of a?
2
Let n be 16/7 + (-4)/14. Suppose -3*x - 27 = -3*j, n*j + 2 = -3*x + 5. What are the prime factors of j?
2, 3
What are the prime factors of (-2680)/(-35) - 16/28?
2, 19
Let d be (4/(-8))/((-1)/8). Suppose d*f = -6 + 26. What are the prime factors of f?
5
Let n(h) = h - 2. Let i be n(5). Suppose -11 = i*k - 4*k. What are the prime factors of k?
11
List the prime factors of (-78 - 2)/(7/((-42)/4)).
2, 3, 5
Let d(m) = -3*m + 4*m + 4*m - 5 - 7*m. Let o be (-4)/8*(0 - -14). What are the prime factors of d(o)?
3
Let k = -55 - -103. What are the prime factors of k?
2, 3
Let k(i) be the second derivative of i**5/20 - 3*i**4/4 + 4*i**3/3 + 7*i**2/2 - 2*i. Let b = 14 - 6. What are the prime factors of k(b)?
7
Let u(x) = -x**2 - 12*x - 13. List the prime factors of u(-7).
2, 11
Let g(s) = -33*s - 5. What are the prime factors of g(-2)?
61
Suppose -v + 5*a = -42, 2*v + 2*a = 54 + 30. Suppose 5*w + 0*w - s = 70, -3*w + v = 3*s. What are the prime factors of w?
2, 7
Suppose -2*m = -4*m + 10. Suppose m*p = -4*x + p + 108, -5*x + 144 = -4*p. List the prime factors of x.
2, 7
Let q(z) = -z - 1. Let u be q(-3). Suppose h - 3*f = 17, -u*h - f - f = -18. What are the prime factors of h?
11
Suppose 0 = -2*y + 2*l + 218, 0 = -y - l - l + 97. Suppose -8*q + y = -3*q. List the prime factors of q.
3, 7
Suppose 0 = -2*y - 4 - 4. Let n(g) = -3*g - 42 + 25 + 22. What are the prime factors of n(y)?
17
Let s(k) = -k. Let d be s(0). Let v = d + 4. Suppose -2 = -n + v. List the prime factors of n.
2, 3
Suppose -f + 0*f - 7 = -o, -4*o + 14 = 3*f. Suppose 0 + o = l. Let c(m) = 2*m**2 - 7*m + 6. What are the prime factors of c(l)?
3, 7
Let s(k) = -k**3 - 10*k**2 + 12*k + 14. Let r be s(-11). Suppose 5*a = r*a + 10. List the prime factors of a.
5
Suppose 2*g - 495 = -7*g. What are the prime factors of g?
5, 11
Suppose 5*n - 230 = -5*n. What are the prime factors of n?
23
Let q(t) = 2*t + 2. Let w(b) = b. Let c(g) = -q(g) - 4*w(g). List the prime factors of c(-3).
2
Let j(a) = 6*a**3 + 3*a**2 - 3*a + 1. What are the prime factors of j(2)?
5, 11
Let g(n) = -n + 2. Let p be g(0). Suppose f = 2 + 2. Suppose -5*r - p*l + 6 = 0, l = r - 4*r + f. What are the prime factors of r?
2
Let j(c) = c**3 + c**2 - 5*c - 3. Let y be j(-3). Let d = -23 + 36. Let x = y + d. List the prime factors of x.
7
Suppose -24 = 3*n - 9*n. Suppose 68 = n*k - 4*l, -4*k + 2*l + 64 = -3*l. List the prime factors of k.
3, 7
Suppose 3*l + 0*l = 51. Suppose l = 2*m - 7. What are the prime factors of m?
2, 3
Suppose -4*x + 70 = 5*h, 3*x = -0 + 15. List the prime factors of h.
2, 5
Suppose 3*d = k + 14 - 4, 2*d - 11 = 5*k. Let x be 3/d + 28 + -1. Suppose -3*u + 4*u + 5*l + 2 = 0, -3*u + x = -2*l. What are the prime factors of u?
2
Suppose f - 3*a - 15 = 0, 0 = 2*f + f - 2*a - 24. What are the prime factors of f?
2, 3
Suppose 3*s - 56 - 79 = 0. Let r = -32 + s. List the prime factors of r.
13
Suppose 0 = 2*w - 2 - 2. Let q be 4/w - (-2)/2. Let j = 19 - q. List the prime factors of j.
2
Let s(i) = 4*i**3 - 9*i**2 - i + 4. List the prime factors of s(4).
2, 7
Suppose 27*m = 20*m + 2156. List the prime factors of m.
2, 7, 11
Suppose -26*i = -30*i + 276. What are the prime factors of i?
3, 23
Let w(v) = -v**3 + 7*v**2 - 9*v + 7. Let p be w(6). Let u = -5 - p. Let a(r) = 3*r - 5. List the prime factors of a(u).
13
Suppose -3*c = 5*w - 19, 0*w = -2*c + 4*w + 20. Suppose -3*b - 2*u - u + 18 = 0, b + 2*u = c. Suppose 57 = -b*i + 145. List the prime factors of i.
2, 11
Let c(d) = d**2 + 8*d - 8. Let y be c(-6). Let v = 38 + y. List the prime factors of v.
2, 3
Suppose b = -4*i + 7 + 11, 0 = -4*b - 3*i + 33. Suppose b*l - 2*l = 20. List the prime factors of l.
5
Let q(s) = 3*s - 1. Let h be q(4). Suppose u - 15 + h = 0. List the prime factors of u.
2
Suppose -4*x = -65 - 47. Suppose 5*w = 12 + x. List the prime factors of w.
2
What are the prime factors of 149 + -1 + (3 - 4)?
3, 7
Let o be (-1 + 0)/(1/(-3)). Suppose o = 3*n - 6. List the prime factors of n.
3
Suppose 2*g + 3*g - 1065 = 0. List the prime factors of g.
3, 71
Suppose 0 = -q + 2, 3*a + 3*q = -2*q + 22. Suppose a*d - 187 = -43. List the prime factors of d.
2, 3
Let x = -1 - -3. Suppose 0 = 5*b - 10, x*l + 2*l = b + 90. List the prime factors of l.
23
Let h(k) = 6*k**2 + 3*k - 6. What are the prime factors of h(-3)?
3, 13
Let x = -6 - -4. Let b be 15 + (-2 - x - 1). Suppose 0 = -3*w - 5*i + 25 - 3, -3*i + b = 2*w. List the prime factors of w.
2
Let c = 7 - 4. Let w(r) = c*r**2 - 7*r - 4*r**2 + 0*r + 6. List the prime factors of w(-6).
2, 3
Let w = -3 - -7. Let x = -4 + w. Suppose x = -5*f - 2*j + 3*j + 29, 0 = 2*f + 2*j - 2. List the prime factors of f.
5
Let i(p) = 5 + 4 - 5 + 3*p + 2*p. What are the prime factors of i(3)?
19
Suppose k = -4*p + 96, -3*k - 2*k = 0. List the prime factors of p.
2, 3
Let a(y) = -y**3 - 6*y**2 - y - 4. Let j be a(-6). Suppose -c + 2*u = -11, 0 = -j*u - 1 + 5. List the prime factors of c.
3, 5
Suppose 4*v - 4 = 4*l + 8, -5*v - 33 = 3*l. Let r(i) = i + 9. List the prime factors of r(l).
3
Let n be (-35)/(-2) - 2/(-4). Suppose 2*t = -t + n. What are the prime factors of t?
2, 3
Suppose o = 5*u + 149, -4*o - o - 38 = 2*u. Let l = 52 + u. Let p = l - 14. List the prime factors of p.
3
List the prime factors of 182/(-21)*3/(-2)*1.
13
Suppose q = -3*q + 2*j - 80, 4*q + 4*j = -80. Let t = -11 - q. What are the prime factors of t?
3
Let o(s) = s + 6. What are the prime factors of o(6)?
2, 3
List the prime factors of 113*(-21)/(-24) + 1/8.
3, 11
Let d(h) be the first derivative of -h**2/2 + 3*h + 4. List the prime factors of d(-4).
7
Let o(c) = 1 + 3 - 3*c**2 - 2*c**2 - c**3 + c. Let k be o(-5). Let i = 8 + k. List the prime factors of i.
7
Suppose 5*p = -0*p + 2*w, -4*p = w. Suppose p = 5*c - 111 - 49. What are the prime factors of c?
2
Let c be 24/(-10) - (-4)/10. Let u be c*(34/(-4) - -2). Suppose 3*o - u = -5*a, 2*a = -4*o + a + 23. What are the prime factors of o?
2, 3
Let g be (-1 - -4)/(9/(-6)). Let u(s) = 3*s**3 + 2*s + 1. Let b be u(-1). List the prime factors of 0 + 1/g*b.
2
Suppose 90 = -2*m + 5*m. Let b = m - 19. What are the prime factors of b?
11
Let z(o) be the second derivative of o**5/30 - o**4/6 - o**3/6 - o**2 + 2*o. Let h(l) be the first derivative of z(l). List the prime factors of h(3).
5
Suppose 3*v + 3 = 0, -b + 4*v = -2 - 3. Let q(w) = -1. Let t(h) = h + 8. Let k(n) = b*t(n) - 2*q(n). What are the prime factors of k(-6)?
2
Let i(h) = -4*h - 1. Let t be i(-1). Let f(s) = 5*s - 1. List the prime factors of f(t).
2, 7
Suppose 3*n - 2*n + 25 = 0. Let g = n + 35. What are the prime factors of g?
2, 5
Let w(i) = i - 7. Let o be w(-6). Let p = 21 + o. What are the prime factors of (-2)/p + 26/8?
3
What are the prime factors of (-1505)/14*6/(-5)?
3, 43
Let s(o) = 2 + 7 + 0*o - 4*o - 3*o. Let m(u) = 8*u - 8. Let h(j) = -3*m(j) - 4*s(j). List the prime factors of h(8).
2, 5
List the prime factors of (-798)/(-5) - (-1 - (-40)/25).
3, 53
Let d(l) = l**3 + l + 9. Suppose 0 = -6*n + n. What are the prime factors of d(n)?
3
Let x = -195 - -455. What are the prime factors of x?
2, 5, 13
Let k = -2 - -7. Suppose -l + 33 = l - o, o = -k*l + 79. Suppose s + s = l. What are the prime factors of s?
2
Let b(y) = -y**3 + 5*y**2 + 10*y - 13. List the prime factors of b(5).
37
Suppose -i = -5*h + 42, -4*h + 18 + 16 = -i. Suppose 10 = 3*u - h. List the prime factors of u.
2, 3
Let p(d) = -d**3 + 6*d**2 - 4*d + 6. Suppose -4*y + 17 = -3. Let g be p(y). Suppose g = 4*j + v, 0 = 3*j + 3*v + 2*v - 21. List the prime factors of j.
2
Suppose 0 = -5*f - 5*j - 59 - 36, -j = 5*f + 99. Let d = f - -42. What are the prime factors of d?
2, 11
Let l(d) = 44*d**2 - 2*d + 1. Le